t c = s + 0. What are the prime factors of c?
2, 3
Suppose 5*k - 54 = -3*i - 15, -13 = -i + 3*k. What are the prime factors of i?
13
Suppose 22*z - 124 = 21*z. What are the prime factors of z?
2, 31
Let h = -6 - -8. Let w = h + 6. List the prime factors of w.
2
Let o = -32 - -31. Let f(u) be the first derivative of -3*u**4 + u**3/3 + 1. List the prime factors of f(o).
13
Let j(f) = -5*f**2 - 3 - 7*f**3 + 0*f**3 - 6*f + 6*f**3. List the prime factors of j(-4).
5
Let u(i) = -i**3 - 3*i**2 - 4*i + 1. Suppose -5 = 3*c - 5*s + 24, 2*c + 5*s = 14. List the prime factors of u(c).
13
Let a be 2 - 4/6*-15. Suppose 0 = 2*m - 0*m - a. List the prime factors of m.
2, 3
Suppose -6*u = -2*u + 3*l - 28, 5*l = 20. Suppose h = u*h - 6. Suppose -2*t = -4*w + 5 - 13, -t - 4*w = h. What are the prime factors of t?
2
Let h = 64 - 33. List the prime factors of h.
31
Suppose -3*p = 5*c - 21 - 133, 0 = -p - 4*c + 49. Let k = -7 + p. What are the prime factors of k?
2, 23
Let o be (-242)/(-10) - 1/5. Suppose 0*h = -3*h + y - o, -3*h - 3*y - 12 = 0. Let q = 12 + h. List the prime factors of q.
5
Let u(d) = -d**3 - 7*d**2 - 6*d + 3. Let q be u(-6). Suppose t + 56 = 5*m, -m + 2*t + 16 = -q*t. What are the prime factors of m?
11
Suppose -n + 0*n + 3 = 0. Suppose 0 = -t + n*t + 3*u - 73, 0 = 3*u + 3. List the prime factors of t.
2, 19
Suppose -5*j + 471 = 3*h, 4*j + 4*h = -0*j + 380. What are the prime factors of j?
3, 31
What are the prime factors of 79 - (1 + 4*4/16)?
7, 11
Let s(c) = c**3 - 6*c**2 + 6*c - 3. Let l be s(5). Suppose n = -5*x + 42, x - 2*x + 15 = -l*n. What are the prime factors of x?
3
Suppose 0*r = -3*d + 4*r + 10, -3*r = -5*d + 24. Suppose d*f = 3*f. Suppose o - 3 = -f*o. List the prime factors of o.
3
What are the prime factors of 27 - -5*5/(75/(-6))?
5
Let s(q) = 82*q. List the prime factors of s(1).
2, 41
Let q be 318/4 - 3/(-6). Suppose -83 = 2*g - 5*g - 5*p, -4*g = -p - q. List the prime factors of g.
3, 7
Suppose -3*u + 703 = 4*v, 0*u = -5*v - 3*u + 878. Suppose -3*n = 2*n - v. List the prime factors of n*3*(-6)/(-45).
2, 7
Let t = 400 - 284. What are the prime factors of t?
2, 29
Let s be (-8)/2*3/(-12). Let n(w) = 40*w + 1. What are the prime factors of n(s)?
41
Let l be ((-12)/21)/((-4)/14). Suppose 4*i + l*u - 52 = 0, 0 = -i - 4*u + 26 + 1. What are the prime factors of i?
11
Let r = 29 - 13. List the prime factors of r.
2
Suppose 0*i - 4*i = 4*n + 8, 5*n - 3*i = 6. Suppose -2*q + 19 = h, n*h + 5*h + 4*q = 65. List the prime factors of h.
3
Suppose -47 = 5*o + 3. Suppose -15 = 3*k - 2*k. Let z = o - k. List the prime factors of z.
5
Suppose 0*q + 117 = 5*g + 4*q, -4*g - 3*q + 93 = 0. Let i = g + -7. Suppose -2*l = -4*l + i. List the prime factors of l.
7
Suppose 2*u - 4*o - 143 = u, 4*o = 5*u - 779. What are the prime factors of u?
3, 53
Suppose 0*r + r = 2. Let q(y) = y**3 + 8*y**2 + 8*y - r*y**2 - 2*y. What are the prime factors of q(-4)?
2
Suppose 5*w = -3*g + 5, 0 = 5*g + w + 3*w - 17. Suppose g*k = -9 - 1, k = 3*u - 98. Suppose -5*j = -j - u. List the prime factors of j.
2
Let o(i) be the second derivative of -i**3/3 + i**2 - 2*i. List the prime factors of o(-3).
2
Let w(n) = n - 1. Let m(x) = x**2 - x - 15. Let f(g) = m(g) - 6*w(g). List the prime factors of f(10).
3, 7
Suppose 3 + 1 = -4*t. Let w(p) = -29*p**3 - 2*p**2 - 2*p - 1. List the prime factors of w(t).
2, 7
Let b(h) = -9*h**2 + 3*h - 9. Let o(i) = 5*i**2 - i + 5. Let c(v) = -4*b(v) - 7*o(v). Let p = -13 - -19. List the prime factors of c(p).
7
Let r be 1/3 + 232/(-12). Let i = 34 + r. List the prime factors of i.
3, 5
Let d(w) = 7*w**2 + 6*w + 29. Let f(z) = -20*z**2 - 17*z - 86. Let c(y) = -17*d(y) - 6*f(y). List the prime factors of c(0).
23
Suppose 2*c = 151 - 55. List the prime factors of c.
2, 3
Let n(a) = -11*a - 58. What are the prime factors of n(-11)?
3, 7
Let w = -179 + 250. Suppose -4*m = 23 - w. List the prime factors of m.
2, 3
Let d(n) = 67*n - 1. Let b be d(1). Let k = b - 30. Let v = k - 21. What are the prime factors of v?
3, 5
Let q = 64 + -111. Let a = -33 - q. What are the prime factors of a?
2, 7
Let d = 253 + -118. List the prime factors of d.
3, 5
Let w(h) be the third derivative of -1/12*h**4 + h**2 - 2/3*h**3 + 0 + 0*h. What are the prime factors of w(-7)?
2, 5
Let x(m) = 4*m - 3. Let w be x(5). Let f = w + 2. What are the prime factors of f?
19
Let d(m) = m**2 - 4*m - 2. Let f(z) = 2*z**2 - 3*z - 1. Let r(j) = 3*d(j) - 2*f(j). Let u be r(-4). Suppose -k + u = 2. What are the prime factors of k?
2
Let v = 11 + -6. What are the prime factors of (14/v)/((-2)/(-10))?
2, 7
Suppose -2*w + 5*q = -70, w + 4*q = -3*w + 84. Let o = w + -6. What are the prime factors of o?
19
Suppose 0 = -2*d - 4*u + 5*u + 28, 52 = 4*d - 3*u. List the prime factors of d.
2
Let l = 19 - -18. What are the prime factors of l?
37
Let b(y) = -y**2 + 9*y. Let s(n) = -3*n**2 + 28*n. Let f(u) = 7*b(u) - 2*s(u). What are the prime factors of f(5)?
2, 5
Let s(d) = -5*d - 8. Let l(f) = 1. Let q(p) = -l(p) - s(p). Let r be q(7). Let w = r + -29. List the prime factors of w.
13
Let j = -21 - -24. Suppose 0 = -5*v - 4*g + 58, 0*v + j*g - 61 = -5*v. What are the prime factors of v?
2, 7
List the prime factors of (-1)/(-7) - ((-16680)/56 - 7).
5, 61
Let i be (-6)/4*20/(-15). Suppose d - x = -i*d + 52, 3*d - 37 = 4*x. List the prime factors of d.
19
Let m = -18 + 11. Let y = -26 - -44. Let z = y + m. List the prime factors of z.
11
Let x(u) = u**3 - 7*u**2 + 5*u + 1. Let g(w) = -w + 2. Let s be g(-4). Let v be x(s). Let p = 3 - v. List the prime factors of p.
2
Let y(w) = 15*w - 26. Let b(s) = 5*s - 9. Let g(m) = -8*b(m) + 3*y(m). List the prime factors of g(3).
3
Let m(z) be the second derivative of -2*z - 1/2*z**2 + 0*z**4 - 2/5*z**5 - 1/6*z**3 + 0. What are the prime factors of m(-1)?
2
Suppose k + 5 = -4*c, 3*k + 2 = 2*c + 1. Let s be (-4)/10*(k + -9). Suppose 2 = 2*o - s. What are the prime factors of o?
3
Let t = -5 + 3. Suppose -4 = l - i, -4*l + 3 = 2*i + 49. List the prime factors of (-56)/l - t/(-9).
2, 3
Suppose 5*x = 2*j - 2, 0 = j + 4*x - 9*x + 9. What are the prime factors of j?
11
Let h(x) = 5 - x - 2 - 3. List the prime factors of h(-12).
2, 3
Suppose -4*d - 479 = -5*y, 2*d = -y + 7 + 100. List the prime factors of y.
3, 11
Let u(q) = 3*q**3 + 2*q**2 - 4*q + 3. What are the prime factors of u(2)?
3
Let q(p) = -p**3 - 7*p**2 - 8*p - 9. Let x be q(-6). Suppose -5*g = -x*g. Suppose v + 2*v - 4*o = 60, 3*o = g. List the prime factors of v.
2, 5
Let j = -41 - -78. What are the prime factors of j?
37
Let h = 412 + -202. List the prime factors of h.
2, 3, 5, 7
Let y(p) = p**2 - 6*p. Let v be y(7). Let u(n) = n**2 + v - 3*n**2 + n**2. What are the prime factors of u(0)?
7
Suppose -d - r + 0*r + 7 = 0, -25 = -3*d - 2*r. Let c = 2 + d. What are the prime factors of c?
13
Let j(r) = -3*r - 3. Let y(v) = 2*v + 4. Let p be y(-4). List the prime factors of j(p).
3
Suppose 3*t - 223 = 8. List the prime factors of t.
7, 11
Let q(u) = -u**2 + 14*u - 1. Let l be q(7). Suppose 0*o + l = 4*o. What are the prime factors of o?
2, 3
Suppose 0 = 4*b + b - 95. Let o(t) = -t**2 + 11*t + 6. Let p be o(8). Let f = p - b. List the prime factors of f.
11
Let b(s) = s**3 + 7*s**2 + 6*s + 2. Let l be b(-6). Suppose -57 = -t - l*t. What are the prime factors of t?
19
Let i(t) = -t + 10. Let y be i(-8). Let v be y/8 - 1/4. Suppose -3*a = v*a - 35. What are the prime factors of a?
7
What are the prime factors of (-4 - (-4 - -1)) + 66?
5, 13
Suppose -2*k = 18 - 132. What are the prime factors of k?
3, 19
Let l be (4 + -1)*(1 + 1). Suppose -l = -2*t + 18. What are the prime factors of t?
2, 3
Let c be (4/(-6))/((-2)/9). Suppose -c*m + 22 - 1 = 0. Suppose 5*l = 4*l + m. List the prime factors of l.
7
Suppose 17 = 2*s - 35. What are the prime factors of s?
2, 13
Let j = -131 - -409. List the prime factors of j.
2, 139
Suppose 0 = -4*l - 16, 3*l - 11 = 3*s - 4*s. Suppose 3*a = -2*c + s, c - 8 = -2*a + 1. What are the prime factors of c?
19
Suppose 0 = 6*p - 2*p - 40. List the prime factors of 3/(-6)*-4*p.
2, 5
Suppose 21 = -c + 64. List the prime factors of c.
43
Let s = 6 + -6. List the prime factors of 1 + (1 - (s + -11)).
13
Let q be (1/2)/(1/10). Suppose -q*y - 20 = -3*m - 59, -3*m - y = 21. List the prime fact